{"id":2,"date":"2023-05-11T03:14:58","date_gmt":"2023-05-11T01:14:58","guid":{"rendered":"https:\/\/lesamisduciel.fr\/?page_id=2"},"modified":"2025-03-27T08:52:33","modified_gmt":"2025-03-27T07:52:33","slug":"page-d-exemple","status":"publish","type":"page","link":"https:\/\/www.astro-beau.fr\/index.php\/page-d-exemple\/","title":{"rendered":"Prochainement"},"content":{"rendered":"\n<h2 class=\"wp-block-heading\">Les prochains \u00e9v\u00e8nements anim\u00e9s par Astro beau ! <\/h2>\n\n\n\n<blockquote class=\"wp-block-quote is-layout-flow wp-block-quote-is-layout-flow\">\n<p><strong>Ciel profond <\/strong>: nous pr\u00e9voyons d&rsquo;organiser des soir\u00e9es d&rsquo;observation \u00e0 Reillanne, en collaboration avec la mairie, sur une base bimensuelle, les vendredi soir les plus proches de la nouvelle lune, sur l&rsquo;esplanade de l&rsquo;\u00e9glise Saint Denis (le clocher sera \u00e9teint \u00e0 cette occasion) :<\/p>\n\n\n\n<ul class=\"wp-block-list\">\n<li>22 ao\u00fbt 2025 \u00e0 partir de 22h00 : soir\u00e9e au verger avec l&rsquo;association <strong>Le Poirier<\/strong> : au programme, observation des objets du ciel profond (amas globulaires, amas ouverts, n\u00e9buleuses plan\u00e9taires, galaxies).<br><\/li>\n<\/ul>\n<\/blockquote>\n\n\n\n<p>Apr\u00e8s une lecture du ciel pr\u00e9sentant les constellations de saison, les observations se feront gr\u00e2ce aux 3 t\u00e9lescopes de Fran\u00e7ois, Patrick et Pierre.<\/p>\n\n\n\n<p>Pr\u00e9voir des v\u00eatements chauds (bonnet, doudoune, bonnes chaussures), car lorsqu&rsquo;on reste de nuit, sans bouger, autour d&rsquo;un t\u00e9lescope, on peut avoir vite tr\u00e8s froid !<\/p>\n\n\n\n<p>En cas de mauvaise condition m\u00e9t\u00e9o, la soir\u00e9e pourrait \u00eatre annul\u00e9e ou report\u00e9e au lendemain (samedi)<br><\/p>\n\n\n\n<figure class=\"wp-block-image size-full is-resized\"><img loading=\"lazy\" decoding=\"async\" width=\"2560\" height=\"1711\" src=\"https:\/\/www.astro-beau.fr\/wp-content\/uploads\/2023\/11\/NGC7000-20082023-scaled.jpg\" alt=\"\" class=\"wp-image-443\" style=\"width:744px;height:auto\" srcset=\"https:\/\/www.astro-beau.fr\/wp-content\/uploads\/2023\/11\/NGC7000-20082023-scaled.jpg 2560w, https:\/\/www.astro-beau.fr\/wp-content\/uploads\/2023\/11\/NGC7000-20082023-300x201.jpg 300w, https:\/\/www.astro-beau.fr\/wp-content\/uploads\/2023\/11\/NGC7000-20082023-1616x1080.jpg 1616w, https:\/\/www.astro-beau.fr\/wp-content\/uploads\/2023\/11\/NGC7000-20082023-768x513.jpg 768w, https:\/\/www.astro-beau.fr\/wp-content\/uploads\/2023\/11\/NGC7000-20082023-1536x1027.jpg 1536w, https:\/\/www.astro-beau.fr\/wp-content\/uploads\/2023\/11\/NGC7000-20082023-2048x1369.jpg 2048w\" sizes=\"auto, (max-width: 2560px) 100vw, 2560px\" \/><\/figure>\n\n\n\n<hr class=\"wp-block-separator has-alpha-channel-opacity\"\/>\n\n\n\n<p><strong>Observations solaires<\/strong> : l&rsquo;association sera r\u00e9guli\u00e8rement pr\u00e9sente certains dimanches matin, lorsque le ciel le permet bien entendu, sur le cours de Reillanne, au dessus du march\u00e9.<\/p>\n\n\n\n<figure class=\"wp-block-image size-large is-resized\"><img loading=\"lazy\" decoding=\"async\" width=\"1187\" height=\"1080\" src=\"https:\/\/www.astro-beau.fr\/wp-content\/uploads\/2023\/11\/Soleil-H-alpha-1187x1080.jpg\" alt=\"\" class=\"wp-image-445\" style=\"width:600px;height:auto\" srcset=\"https:\/\/www.astro-beau.fr\/wp-content\/uploads\/2023\/11\/Soleil-H-alpha-1187x1080.jpg 1187w, https:\/\/www.astro-beau.fr\/wp-content\/uploads\/2023\/11\/Soleil-H-alpha-300x273.jpg 300w, https:\/\/www.astro-beau.fr\/wp-content\/uploads\/2023\/11\/Soleil-H-alpha-768x699.jpg 768w, https:\/\/www.astro-beau.fr\/wp-content\/uploads\/2023\/11\/Soleil-H-alpha.jpg 1240w\" sizes=\"auto, (max-width: 1187px) 100vw, 1187px\" \/><\/figure>\n\n\n\n<hr class=\"wp-block-separator has-alpha-channel-opacity\"\/>\n\n\n\n<p><strong>Observations lunaires<\/strong> : l&rsquo;association sera pr\u00e9sente certains soirs, sur le cours \u00e0 Reillanne, lorsque la lune le permet bien entendu.<\/p>\n\n\n\n<figure class=\"wp-block-image size-large is-resized\"><img loading=\"lazy\" decoding=\"async\" width=\"1738\" height=\"1080\" src=\"https:\/\/www.astro-beau.fr\/wp-content\/uploads\/2023\/11\/Lune-1738x1080.jpg\" alt=\"\" class=\"wp-image-446\" style=\"width:658px;height:auto\" srcset=\"https:\/\/www.astro-beau.fr\/wp-content\/uploads\/2023\/11\/Lune-1738x1080.jpg 1738w, https:\/\/www.astro-beau.fr\/wp-content\/uploads\/2023\/11\/Lune-300x186.jpg 300w, https:\/\/www.astro-beau.fr\/wp-content\/uploads\/2023\/11\/Lune-768x477.jpg 768w, https:\/\/www.astro-beau.fr\/wp-content\/uploads\/2023\/11\/Lune-1536x954.jpg 1536w, https:\/\/www.astro-beau.fr\/wp-content\/uploads\/2023\/11\/Lune.jpg 1880w\" sizes=\"auto, (max-width: 1738px) 100vw, 1738px\" \/><\/figure>\n\n\n\n<p>N&rsquo;h\u00e9sitez pas \u00e0 nous contacter pour tout renseignement compl\u00e9mentaire.<\/p>\n\n\n\n<p><\/p>\n\n\n\n<p>Note : toutes les photos de ce site ont \u00e9t\u00e9 r\u00e9alis\u00e9es par les membres de l&rsquo;association \u00ab\u00a0Astro beau !\u00a0\u00bb<\/p>\n","protected":false},"excerpt":{"rendered":"<p>Les prochains \u00e9v\u00e8nements anim\u00e9s par Astro beau ! Apr\u00e8s une lecture du ciel pr\u00e9sentant les constellations de saison, les observations se feront gr\u00e2ce aux 3 t\u00e9lescopes de Fran\u00e7ois, Patrick et Pierre. Pr\u00e9voir des v\u00eatements chauds (bonnet, doudoune, bonnes chaussures), car lorsqu&rsquo;on reste de nuit, sans bouger, autour d&rsquo;un t\u00e9lescope, on peut avoir vite tr\u00e8s froid [&hellip;]<\/p>\n","protected":false},"author":3,"featured_media":125,"parent":0,"menu_order":0,"comment_status":"closed","ping_status":"open","template":"","meta":{"footnotes":""},"class_list":["post-2","page","type-page","status-publish","has-post-thumbnail","hentry"],"_links":{"self":[{"href":"https:\/\/www.astro-beau.fr\/index.php\/wp-json\/wp\/v2\/pages\/2","targetHints":{"allow":["GET"]}}],"collection":[{"href":"https:\/\/www.astro-beau.fr\/index.php\/wp-json\/wp\/v2\/pages"}],"about":[{"href":"https:\/\/www.astro-beau.fr\/index.php\/wp-json\/wp\/v2\/types\/page"}],"author":[{"embeddable":true,"href":"https:\/\/www.astro-beau.fr\/index.php\/wp-json\/wp\/v2\/users\/3"}],"replies":[{"embeddable":true,"href":"https:\/\/www.astro-beau.fr\/index.php\/wp-json\/wp\/v2\/comments?post=2"}],"version-history":[{"count":18,"href":"https:\/\/www.astro-beau.fr\/index.php\/wp-json\/wp\/v2\/pages\/2\/revisions"}],"predecessor-version":[{"id":467,"href":"https:\/\/www.astro-beau.fr\/index.php\/wp-json\/wp\/v2\/pages\/2\/revisions\/467"}],"wp:featuredmedia":[{"embeddable":true,"href":"https:\/\/www.astro-beau.fr\/index.php\/wp-json\/wp\/v2\/media\/125"}],"wp:attachment":[{"href":"https:\/\/www.astro-beau.fr\/index.php\/wp-json\/wp\/v2\/media?parent=2"}],"curies":[{"name":"wp","href":"https:\/\/api.w.org\/{rel}","templated":true}]}}

<h2 class="wp-block-heading">Les prochains évènements animés par Astro beau ! </h2>



<blockquote class="wp-block-quote is-layout-flow wp-block-quote-is-layout-flow">
<p><strong>Ciel profond </strong>: nous prévoyons d&rsquo;organiser des soirées d&rsquo;observation à Reillanne, en collaboration avec la mairie, sur une base bimensuelle, les vendredi soir les plus proches de la nouvelle lune, sur l&rsquo;esplanade de l&rsquo;église Saint Denis (le clocher sera éteint à cette occasion) :</p>



<ul class="wp-block-list">
<li>22 août 2025 à partir de 22h00 : soirée au verger avec l&rsquo;association <strong>Le Poirier</strong> : au programme, observation des objets du ciel profond (amas globulaires, amas ouverts, nébuleuses planétaires, galaxies).<br></li>
</ul>
</blockquote>



<p>Après une lecture du ciel présentant les constellations de saison, les observations se feront grâce aux 3 télescopes de François, Patrick et Pierre.</p>



<p>Prévoir des vêtements chauds (bonnet, doudoune, bonnes chaussures), car lorsqu&rsquo;on reste de nuit, sans bouger, autour d&rsquo;un télescope, on peut avoir vite très froid !</p>



<p>En cas de mauvaise condition météo, la soirée pourrait être annulée ou reportée au lendemain (samedi)<br></p>



<figure class="wp-block-image size-full is-resized"><img loading="lazy" decoding="async" width="2560" height="1711" src="https://www.astro-beau.fr/wp-content/uploads/2023/11/NGC7000-20082023-scaled.jpg" alt="" class="wp-image-443" style="width:744px;height:auto" srcset="https://www.astro-beau.fr/wp-content/uploads/2023/11/NGC7000-20082023-scaled.jpg 2560w, https://www.astro-beau.fr/wp-content/uploads/2023/11/NGC7000-20082023-300x201.jpg 300w, https://www.astro-beau.fr/wp-content/uploads/2023/11/NGC7000-20082023-1616x1080.jpg 1616w, https://www.astro-beau.fr/wp-content/uploads/2023/11/NGC7000-20082023-768x513.jpg 768w, https://www.astro-beau.fr/wp-content/uploads/2023/11/NGC7000-20082023-1536x1027.jpg 1536w, https://www.astro-beau.fr/wp-content/uploads/2023/11/NGC7000-20082023-2048x1369.jpg 2048w" sizes="auto, (max-width: 2560px) 100vw, 2560px" /></figure>



<hr class="wp-block-separator has-alpha-channel-opacity"/>



<p><strong>Observations solaires</strong> : l&rsquo;association sera régulièrement présente certains dimanches matin, lorsque le ciel le permet bien entendu, sur le cours de Reillanne, au dessus du marché.</p>



<figure class="wp-block-image size-large is-resized"><img loading="lazy" decoding="async" width="1187" height="1080" src="https://www.astro-beau.fr/wp-content/uploads/2023/11/Soleil-H-alpha-1187x1080.jpg" alt="" class="wp-image-445" style="width:600px;height:auto" srcset="https://www.astro-beau.fr/wp-content/uploads/2023/11/Soleil-H-alpha-1187x1080.jpg 1187w, https://www.astro-beau.fr/wp-content/uploads/2023/11/Soleil-H-alpha-300x273.jpg 300w, https://www.astro-beau.fr/wp-content/uploads/2023/11/Soleil-H-alpha-768x699.jpg 768w, https://www.astro-beau.fr/wp-content/uploads/2023/11/Soleil-H-alpha.jpg 1240w" sizes="auto, (max-width: 1187px) 100vw, 1187px" /></figure>



<hr class="wp-block-separator has-alpha-channel-opacity"/>



<p><strong>Observations lunaires</strong> : l&rsquo;association sera présente certains soirs, sur le cours à Reillanne, lorsque la lune le permet bien entendu.</p>



<figure class="wp-block-image size-large is-resized"><img loading="lazy" decoding="async" width="1738" height="1080" src="https://www.astro-beau.fr/wp-content/uploads/2023/11/Lune-1738x1080.jpg" alt="" class="wp-image-446" style="width:658px;height:auto" srcset="https://www.astro-beau.fr/wp-content/uploads/2023/11/Lune-1738x1080.jpg 1738w, https://www.astro-beau.fr/wp-content/uploads/2023/11/Lune-300x186.jpg 300w, https://www.astro-beau.fr/wp-content/uploads/2023/11/Lune-768x477.jpg 768w, https://www.astro-beau.fr/wp-content/uploads/2023/11/Lune-1536x954.jpg 1536w, https://www.astro-beau.fr/wp-content/uploads/2023/11/Lune.jpg 1880w" sizes="auto, (max-width: 1738px) 100vw, 1738px" /></figure>



<p>N&rsquo;hésitez pas à nous contacter pour tout renseignement complémentaire.</p>



<p></p>



<p>Note : toutes les photos de ce site ont été réalisées par les membres de l&rsquo;association « Astro beau ! »</p>

<p>Les prochains évènements animés par Astro beau ! Après une lecture du ciel présentant les constellations de saison, les observations se feront grâce aux 3 télescopes de François, Patrick et Pierre. Prévoir des vêtements chauds (bonnet, doudoune, bonnes chaussures), car lorsqu&rsquo;on reste de nuit, sans bouger, autour d&rsquo;un télescope, on peut avoir vite très froid [&hellip;]</p>
